0010000101000
In base 15, what is -73 + -cb?
-14e
In base 2, what is 1010 - 111111100101?
-111111011011
In base 5, what is 314421 + -1121?
313300
In base 3, what is 21220012000 - -1?
21220012001
In base 15, what is 6bb + -66?
655
In base 4, what is -211 + 23332?
23121
In base 7, what is 632133 + 0?
632133
In base 12, what is -3 - 99b18?
-99b1b
In base 7, what is -40 - 32162?
-32232
In base 5, what is -30 - -210340?
210310
In base 11, what is -14 - -1013?
aaa
In base 7, what is -5 + 426213?
426205
In base 5, what is -2433 - -1012?
-1421
In base 4, what is 11 + -11121032?
-11121021
In base 5, what is 23412213 + -4?
23412204
In base 15, what is 170 - 71?
ee
In base 8, what is 253547 - 11?
253536
In base 11, what is 2 - 822?
-820
In base 8, what is 46 - -26060?
26126
In base 15, what is -3c5b8 + 1?
-3c5b7
In base 9, what is -1863 + -711?
-2674
In base 11, what is 194693 - -4?
194697
In base 7, what is 515 + 110?
625
In base 5, what is -111203 - -133?
-111020
In base 14, what is -9 - -19b0?
19a5
In base 11, what is -1686 - -44?
-1642
In base 4, what is -3 - 11310311?
-11310320
In base 16, what is -3 + -f541?
-f544
In base 7, what is 43352 - -120?
43502
In base 6, what is 25250 - -44?
25334
In base 14, what is -66adc + 8?
-66ad4
In base 4, what is 111 + -10111?
-10000
In base 15, what is -2d7e - -10a?
-2c74
In base 5, what is -420434 - 10?
-420444
In base 14, what is -1cac7 + 3?
-1cac4
In base 14, what is 1 - -4358?
4359
In base 4, what is 12102222121 + 11?
12102222132
In base 10, what is 2763 - -13?
2776
In base 16, what is 0 - -147b?
147b
In base 10, what is 105936 + -1?
105935
In base 5, what is 30231 + -11?
30220
In base 5, what is -113423 - 413?
-114341
In base 8, what is 664 - 251?
413
In base 3, what is 0 + 1010221021?
1010221021
In base 13, what is -387 - -8?
-37c
In base 13, what is -16446 - -3?
-16443
In base 3, what is 1222012 - -100?
1222112
In base 9, what is 2 + -15018?
-15016
In base 13, what is 97c9 - 4?
97c5
In base 16, what is dfaf7 - 1?
dfaf6
In base 8, what is -1050 + -30?
-1100
In base 10, what is 3 - 2186?
-2183
In base 9, what is 4 + -484?
-480
In base 9, what is -50274 - -14?
-50260
In base 16, what is -5 - -807c?
8077
In base 3, what is -11 - -22122002111?
22122002100
In base 7, what is -233 + -12235?
-12501
In base 5, what is 202030 + 14?
202044
In base 12, what is -5 + -103620?
-103625
In base 2, what is -100111110 + 100000000?
-111110
In base 8, what is -2134 + -3743?
-6077
In base 11, what is 19669 - 97?
19582
In base 8, what is 26 + -363073?
-363045
In base 11, what is 2984 + 39?
2a12
In base 4, what is -3332 + -11113?
-21111
In base 15, what is 8dc6 + -4?
8dc2
In base 15, what is 6 - -1bb6?
1bbc
In base 9, what is -262 - -674?
412
In base 16, what is d5dea + 5?
d5def
In base 6, what is 12 + 204540?
204552
In base 7, what is -3 - -466240?
466234
In base 9, what is 2046 - -33?
2080
In base 13, what is -2 - -5491?
548c
In base 10, what is -10732 + -45?
-10777
In base 5, what is -10 - 213214402?
-213214412
In base 7, what is 23 - 410114?
-410061
In base 7, what is -14 + -11563?
-11610
In base 4, what is -223231 + -1321?
-231212
In base 15, what is 43 + 2e16?
2e59
In base 14, what is 73 - 20c?
-179
In base 13, what is -59 + -2019?
-2075
In base 13, what is 3 - -18609?
1860c
In base 4, what is -113 - -2022003?
2021230
In base 15, what is 8d4 - 3d6?
4ed
In base 4, what is -2 + 13023220?
13023212
In base 7, what is -16402 + 122?
-16250
In base 10, what is -1 - -35959?
35958
In base 14, what is 42cc - -13?
4301
In base 8, what is 213116 - 3?
213113
In base 7, what is 6 - -20414?
20423
In base 9, what is -4 - -268352?
268347
In base 5, what is -103234414 + 1?
-103234413
In base 9, what is 52545 - 3?
52542
In base 7, what is 4660224 - 5?
4660216
In base 13, what is 190a + 130?
1a3a
In base 15, what is -4768 + 6?
-4762
In base 7, what is 52436 + 0?
52436
In base 9, what is 335032 - -10?
335042
In base 9, what is -10250 - 4?
-10254
In base 8, what is 241 - -1661?
2122
In base 8, what is 1 - -17417?
17420
In base 14, what is 10 - 328?
-318
In base 3, what is -101100000 + 10002?
-101012221
In base 7, what is -366644 + -2?
-366646
In base 5, what is -1021 - 4401?
-10422
In base 8, what is -140002 + 0?
-140002
In base 3, what is 120 - -12221001?
12221121
In base 10, what is 2075 + 83?
2158
In base 7, what is 4 - -54210?
54214
In base 4, what is 22 - 2032100?
-2032012
In base 6, what is 3 + 50314350?
50314353
In base 6, what is 1003 - 1024?
-21
In base 2, what is 1000110101001101 + 11?
1000110101010000
In base 6, what is 25 - 123540?
-123511
In base 7, what is 110 + 4536?
4646
In base 5, what is 100 - 24130?
-24030
In base 15, what is 17dba + -1?
17db9
In base 11, what is -3a55 + -10?
-3a65
In base 12, what is 45299 - -3?
452a0
In base 6, what is -225 + 115?
-110
In base 12, what is 14197 + 0?
14197
In base 11, what is 436 + 40?
476
In base 6, what is -204 - 1202?
-1410
In base 6, what is 1252 + -3015?
-1323
In base 11, what is -529 + -432?
-960
In base 15, what is 26b - 46a?
-1ee
In base 11, what is -6 + -1232?
-1238
In base 14, what is 64 + -1dd7?
-1d73
In base 4, what is -20321212 - -33?
-20321113
In base 13, what is 2 - 5621a?
-56218
In base 2, what is 1010100101101 - 10?
1010100101011
In base 12, what is -2 - 5019?
-501b
In base 7, what is -55635 + 11?
-55624
In base 15, what is -3b2 + -158?
-51a
In base 14, what is 1a8d - 87?
1a06
In base 15, what is -14edb8 - 1?
-14edb9
In base 4, what is -2020 - 113023?
-121103
In base 12, what is 18a883 - 3?
18a880
In base 6, what is -1 - -122354?
122353
In base 16, what is -15d + 156?
-7
In base 14, what is 16ac0 - 3?
16abb
In base 16, what is d35f - 6?
d359
In base 14, what is -bc90 + 1?
-bc8d
In base 16, what is 53 + -37b?
-328
In base 6, what is 253430 - -5?
253435
In base 4, what is -30123310 - 2?
-30123312
In base 10, what is -543 - 5?
-548
In base 7, what is -4 - 11621564?
-11621601
In base 10, what is -2 - 915?
-917
In base 12, what is -3 - -92089?
92086
In base 12, what is -1 - 173b?
-1740
In base 3, what is 2 - 1022100112?
-1022100110
In base 2, what is 100111000 + 101111?
101100111
In base 2, what is 1001111 + -100010111100011?
-100010110010100
In base 12, what is -26a - -1b16?
1868
In base 4, what is 22120 - -13312?
102032
In base 13, what is -4c5 + -434?
-929
In base 8, what is 3 + 36503?
36506
In base 15, what is d63 + 6?
d69
In base 13, what is -41 - 3309?
-334a
In base 2, what is 111110110110010 + -10000?
111110110100010
In base 15, what is de763 - -4?
de767
In base 10, what is -588592 - 4?
-588596
In base 5, what is 1003304 + -311?
1002443
In base 4, what is 21 + 31003?
31030
In base 4, what is -11 - -103120130?
103120113
In base 3, what is -1101 + -100122100?
-100200201
In base 7, what is -23014 - 26?
-23043
In base 14, what is -24 - -2820b?
281c7
In base 4, what is 1133021 - 30?
1132331
In base 10, what is 3 + -59499?
-59496
In base 13, what is 1 + 5386?
5387
In base 7, what is -202 + 3021?
2516
In base 5, what is -34111211 + -10?
-34111221
In base 7, what is -2044 - -4360?
2313
In base 9, what is -8487 - -41?
-8446
In base 5, what is 323233 + -234?
322444
In base 7, what is -23 + -530?
-553
In base 6, what is 52 + -405?
-313
In base 10, what is -26140 + 5?
-26135
In base 12, what is -b0 - 510?
-600
In base 12, what is 72860 - 4?
72858
In base 7, what is -102 + -402?
-504
In base 14, what is 791 - 28?
767
In base 14, what is 392 + a2?
454
In base 4, what is -110 - 221303313?
-221310023
In base 11, what is 28 - 1797?
-176a
In base 3, what is -1110220120001 - 11?
-1110220120012
In base 16, what is 91e83c - -5?
91e841
In base 7, what is -2066 + 26?
-2040
In base 12, what is -51a78 - 2?
-51a7a
In base 10, what is -5 + -16631?
-16636
In base 11, what is -84808 - 1?
-84809
In base 4, what is 121 - -30302222?
30303003
In base 11, what is -4 + a88?
a84
In base 7, what is -12 - 150612?
-150624
In base 13, what is -35349 - 1?
-3534a
In base 13, what is -b4 + 7c?
-35
In base 8, what is 7 + -1146334?
-1146325
In base 2, what is -10011010100 + -1111011?
-10101001111
In base 16, what is a6bb - -9?
a6c4
In base 2, what is 100001111 + 1001100010?
1101110001
In base 13, what is -2b + -1064?
-1092
In base 13, what is -71461a - 3?
-714620
In base 15, what is -4cc - -4?
-4c8
In base 16, wha